27*h - 11. Calculate g(26).
15
Let b(y) = -y**2 - 2*y + 6. Calculate b(-4).
-2
Let w(g) = -g**2 - 20*g - 92. Give w(-7).
-1
Let k(n) = 2*n**2 + 30*n + 3. What is k(-15)?
3
Let k(h) = h**2 - 11*h + 27. Give k(7).
-1
Let i(u) = -10*u**3 - 2*u**2 - 2*u - 1. Determine i(-1).
9
Let o(r) = 2*r + 3. Give o(9).
21
Let l(d) = d**2 + d - 83. What is l(8)?
-11
Let h(p) = -14*p - 49. Determine h(-3).
-7
Let m(n) = -3*n**3 - 65*n**2 + 19*n - 47. Determine m(-22).
19
Let i(t) = -t**2 - 2. Calculate i(1).
-3
Let r(z) = -z**3 + 7*z**2 + 11*z - 12. Give r(8).
12
Let u(x) = -6*x - 16. Determine u(-6).
20
Let i(v) = 20*v - 88. Calculate i(5).
12
Let s(t) = -10*t + 2. Give s(1).
-8
Let u(r) = -r**3 - 6*r**2 + 4*r + 17. Calculate u(-6).
-7
Let j(m) = 7*m + 3. Give j(-1).
-4
Let s(r) = 2*r**2 - r + 7. Calculate s(-5).
62
Let t(i) = -i**2 - i - 1. Calculate t(3).
-13
Let u(f) = -69*f**2. Calculate u(1).
-69
Let v(t) = -t**3 - t**2 + 2*t + 20. Calculate v(5).
-120
Let d(m) = -m**2 + 18*m - 48. What is d(12)?
24
Let h(f) = -f - 6. What is h(-8)?
2
Let i(z) = z**3 - 7*z**2 + z + 6. Determine i(7).
13
Let k(g) = g**3 - 6*g**2 - 9*g + 13. What is k(7)?
-1
Let u(n) = -4*n + 40. Give u(9).
4
Let j(u) = -2*u**2 - 10*u + 19. Give j(5).
-81
Let l(f) = -f**2 + 2*f - 1. Give l(-2).
-9
Let y(k) = 11*k + 3. Calculate y(4).
47
Let l(n) = -n**3 - n**2 + 15. Calculate l(0).
15
Let i(o) = 3*o**2 + 38*o - 1. Calculate i(-11).
-56
Let j(c) = 9*c - 48. What is j(6)?
6
Let n(h) = h**3 + h**2 - 4*h. Determine n(2).
4
Let b(f) = 2*f**2 - 7*f + 5. Determine b(6).
35
Let k(b) = -5*b**2 - 14*b + 20. What is k(-4)?
-4
Let y(w) = -w**3 + 4*w**2 + 5*w + 8. What is y(5)?
8
Let g(l) = l**2 - 99*l + 555. What is g(6)?
-3
Let n(u) = -2*u + 2. What is n(-11)?
24
Let o(g) = -g**3 - 6*g**2 + 10*g + 11. Determine o(-7).
-10
Let a(l) = 2*l**2 + 7*l + 13. Give a(-2).
7
Let w(o) = -o**3 - 5*o**2 - 4*o + 10. Determine w(-3).
4
Let d(r) = r**2 + 2*r - 4. Give d(-3).
-1
Let j(a) = 2*a**2 - 10*a + 7. Give j(6).
19
Let s(a) = 29*a**2 - a + 1. Calculate s(1).
29
Let q(t) = -t**3 + 8*t**2 + 2*t - 4. Calculate q(4).
68
Let t(m) = m**2 + 25*m - 21. Give t(-26).
5
Let r(w) = w**2 + 18*w - 28. Give r(-21).
35
Let y(d) = 2*d**3 - 15*d**2 + 3*d + 21. What is y(7)?
-7
Let u(j) = j**3 + 8*j**2 + 19*j + 47. Determine u(-6).
5
Let z(m) = 13*m - 2. Calculate z(1).
11
Let w(o) = o**3 + 15*o**2 - 16*o - 15. Calculate w(-16).
-15
Let c(x) = 2*x**2 + 13*x + 18. Calculate c(-2).
0
Let q(v) = 2*v - 2. What is q(-5)?
-12
Let i(k) = k**3 - 13*k**2 + 14*k + 2. Determine i(12).
26
Let m(l) = 2*l**2 + 66*l + 57. Determine m(-32).
-7
Let g(c) = -122*c - 5. Calculate g(0).
-5
Let i(b) = b**2 + 4*b - 20. Determine i(-5).
-15
Let i(p) = -p**2 - 16*p - 59. Calculate i(-7).
4
Let c(l) = -5*l + 5. Calculate c(3).
-10
Let d(x) = -x**2 + 13*x + 11. Determine d(15).
-19
Let y(i) = 4*i - 3. Calculate y(-7).
-31
Let q(w) = 2*w**3 + 29*w**2 - 85*w + 13. What is q(-17)?
13
Let w(x) = x**3 + 11*x**2 - 24*x + 26. Calculate w(-13).
0
Let m(j) = -3*j**2 - 38*j - 31. Give m(-12).
-7
Let w(d) = -d**3 + 14*d**2 + 51*d + 3. Calculate w(17).
3
Let s(m) = -2*m**3 - 22*m**2 + 26*m + 30. Calculate s(-12).
6
Let d(v) = v**3 - 5*v**2 + 2*v + 15. What is d(4)?
7
Let n(x) = x**2 + 9*x - 1. Give n(-6).
-19
Let f(a) = 2*a**2 - 24*a + 58. Calculate f(7).
-12
Let c(k) = -3*k + 30. What is c(27)?
-51
Let o(x) = 3*x**2 + 7*x + 4. Determine o(-2).
2
Let x(j) = -16*j**3 - j**2 - 2*j - 1. Give x(-1).
16
Let k(w) = -29*w + 10. Determine k(1).
-19
Let x(k) = -48*k - 385. Calculate x(-8).
-1
Let d(t) = -2*t**2 + 34*t - 20. Calculate d(16).
12
Let q(o) = -o**3 + 19*o**2 + 17*o + 42. What is q(20)?
-18
Let n(j) = -j**2 + j - 1. Determine n(-2).
-7
Let a(k) = k**2 - 22*k + 72. Determine a(18).
0
Let f(k) = 5*k + 146. Calculate f(-28).
6
Let z(y) = y**2 + 6*y - 18. Give z(-6).
-18
Let u(m) = -m**3 - 5*m**2 + 2*m - 4. Give u(-5).
-14
Let u(t) = -t**2 - 11*t + 7. Give u(-11).
7
Let b(t) = 6*t - 238. Calculate b(40).
2
Let w(a) = -10*a**2 + 49*a + 6. Give w(6).
-60
Let p(j) = j**2 + 32*j - 4. Determine p(0).
-4
Let g(o) = 4*o - 23. Determine g(6).
1
Let r(t) = -t**3 - 7*t**2 - 5*t - 10. Determine r(-7).
25
Let m(s) = 7*s**2 + 63*s - 6. Give m(-9).
-6
Let z(p) = -3*p**3 + 11*p - 21. Calculate z(3).
-69
Let q(u) = -u**3 + 14*u**2 + 15*u - 7. Give q(15).
-7
Let a(n) = -14*n**3 + n**2. Calculate a(2).
-108
Let l(j) = 18*j**3 - j**2 - j. What is l(-1)?
-18
Let v(u) = 10*u + 25. Give v(-6).
-35
Let x(o) = -3*o - 6. Determine x(-2).
0
Let v(i) = i**3 - 4*i**2 - 5*i + 4. Determine v(5).
4
Let u(w) = 4*w**2. Determine u(4).
64
Let u(o) = -o**2 + 2*o + 1. Determine u(2).
1
Let l(u) = u**3 - 6*u**2 - 4*u + 19. Calculate l(6).
-5
Let m(j) = -j**3 - j**2 - j - 77. Give m(0).
-77
Let a(z) = -56*z**2 + 4*z. Calculate a(1).
-52
Let t(s) = 8*s**2 - 1. What is t(-1)?
7
Let h(b) = b**2 + 40*b + 10. Give h(-39).
-29
Let u(q) = -q**2 + 2*q - 1. What is u(-3)?
-16
Let z(o) = -3*o**3 - 3*o**2 - 2*o - 6. Calculate z(-3).
54
Let i(u) = 18*u**3 - 2*u**2 + 2*u - 1. What is i(1)?
17
Let b(h) = 2*h**3 + 3*h**2 - 5*h - 3. What is b(-2)?
3
Let c(v) = v**3 - 4*v**2 - 7*v + 3. Determine c(6).
33
Let x(r) = r**3 - r**2 - r + 2. Give x(0).
2
Let l(c) = -3*c. Calculate l(-2).
6
Let k(p) = -2*p - 57. Determine k(-24).
-9
Let g(x) = x**3 - 4*x - 2. Calculate g(-3).
-17
Let k(b) = 2*b**2 - 12*b + 6. Give k(7).
20
Let o(b) = 2*b + 18. Give o(-9).
0
Let c(s) = 2*s + 19. Give c(-6).
7
Let c(u) = u**2 - 16*u - 87. Give c(22).
45
Let a(k) = -k + 1. Give a(-4).
5
Let b(q) = 19*q + 8. Determine b(-3).
-49
Let p(i) = 5*i + 4. Give p(2).
14
Let i(g) = -g - 24. Determine i(-11).
-13
Let m(c) = -c**2 + 12*c + 3. What is m(12)?
3
Let z(m) = -m**2 - 19. Determine z(0).
-19
Let b(l) = 8*l - 185. Calculate b(24).
7
Let h(b) = -8*b + 7. Calculate h(6).
-41
Let g(n) = -6*n - 106. Calculate g(-14).
-22
Let z(v) = v**2 + 6*v - 7. Calculate z(-6).
-7
Let a(u) = u**3 - 12*u**2 - 3*u - 1. What is a(12)?
-37
Let m(a) = a**2 + 3*a - 3. What is m(-6)?
15
Let u(x) = -2*x**2 + 16*x - 24. Give u(7).
-10
Let b(y) = 318*y + 5. Calculate b(0).
5
Let p(k) = -k - 4. Calculate p(6).
-10
Let p(c) = -c**3 - 5*c**2 + c + 1. Give p(-4).
-19
Let f(g) = g**3 - 3*g**2 + 5*g + 4. Determine f(4).
40
Let f(x) = -x**3 - 7*x**2 + 8*x + 3. Determine f(-8).
3
Let y(t) = t**3 - 5*t**2 + t - 6. What is y(5)?
-1
Let z(o) = 5*o**2 - 178*o - 72. Give z(36).
0
Let m(l) = -l**3 + 2*l**2 - 2*l - 4. Calculate m(4).
-44
Let n(v) = -v + 14. Give n(0).
14
Let q(w) = w**2 - 16*w - 10. Determine q(15).
-25
Let r(u) = u**3 - 13*u**2 + 14*u - 11. Determine r(12).
13
Let o(s) = -10*s - 5. Calculate o(-1).
5
Let s(i) = -i**3 + 7*i**2 - 3*i - 12. What is s(6)?
6
Let p(t) = -25*t**2 - 1101*t - 37. Give p(-44).
7
Let k(x) = 3*x + 140. Give k(-44).
8
Let q(u) = u - 16. Calculate q(10).
-6
Let n(v) = -v**2 - 14*v - 25. Calculate n(-15).
-40
Let w(v) = -2*v**2 - 7*v. Give w(5).
-85
Let u(p) = -10*p - 82. What is u(-20)?
118
Let f(v) = 9*v - 161. Calculate f(28).
91
Let j(o) = -2*o**3 + 15*o**2 + 10*o - 7. What is j(8)?
9
Let w(q) = q**3 - 3*q**2 - 3*q - 2. Calculate w(3).
-11
Let k(l) = -14*l + 15. Determine k(3).
-27
Let k(m) = -5*m**3 - 2*m**2 - 3*m - 2. Calculate k(-1).
4
Let x(f) = -f**3 - 15*f**2 - 2*f - 12. Determine x(-15).
18
Let b(q) = -q - 14. Calculate b(5).
-19
Let t(x) = -x**3 + 14*x**2 + 15*x - 10. Calculate t(15).
-10
Let q(z) = -2*z**2 - 19*z + 10. Give q(-9).
19
Let j(k) = 31*k + 373. Calculate j(-12).
1
Let d(o) = 2*o**2 + 11*o - 43. Calculate d(-8).
-3
Let u(i) = -17*i + 5. What is u(2)?
-29
Let s(t) = 7*t**2 - t + 9. What is s(-3)?
75
Let b(n) = -29*n - 175. Give b(-6).
-1
Let c(w) = 4*w**2 - 11*w + 3. What is c(2)?
-3
Let h(n) = -3*n + 29. Give h(12).
-7
Let r(k) = -k**3 - 7*k**2 - 9*k - 2. Calculate r(-6).
16
Let i(h) = h**3 + 6*h**2 - 9*h. Determine i(-7).
14
Let b(l) = -232*l - 1616. What is b(-7)?
8
Let i(c) = c**3 + c**2 - 3*c + 3. Calculate i(-3).
-6
Let n(j) = j**2 + 7*j + 12. Calculate n(-10).
42
Let s(f) = -3*f**2 - 41*f - 35. Calculate s(-13).
-9
Let t(h) = -14*h**2 - 2*h - 3. Calculate t(-1).
-15
Let c(m) = m**2 - 6*m + 3. Determine c(6).
3
Let v(q) = q**2 + q - 2. Give v(-2).
0
Let c(f) = 2*f**3 - 8*f**2 + 4*f - 31. What is c(5)?
39
Let a(y) = -y + 16. G